{"id":303,"date":"2025-01-12T22:47:08","date_gmt":"2025-01-12T22:47:08","guid":{"rendered":"https:\/\/www.pujcovnasudu.cz\/?page_id=303"},"modified":"2025-01-13T07:25:47","modified_gmt":"2025-01-13T07:25:47","slug":"a","status":"publish","type":"page","link":"https:\/\/www.pujcovnasudu.cz\/?page_id=303","title":{"rendered":"NEZ\u00c1VAZN\u00c1 OBJEDN\u00c1VKA \/ DOTAZ"},"content":{"rendered":"<div class=\"wpforms-container wpforms-container-full wpforms-block wpforms-block-f7018960-140a-4ccc-95ad-6ce6f529f5cb wpforms-render-modern\" id=\"wpforms-263\"><form id=\"wpforms-form-263\" class=\"wpforms-validate wpforms-form wpforms-ajax-form\" data-formid=\"263\" method=\"post\" enctype=\"multipart\/form-data\" action=\"\/index.php?rest_route=%2Fwp%2Fv2%2Fpages%2F303\" data-token=\"4fae6514c70a22ab43c1e517269e995a\" data-token-time=\"1777614148\"><noscript class=\"wpforms-error-noscript\">Chcete-li vyplnit tento formul\u00e1\u0159, pros\u00edm povolte v prohl\u00ed\u017ee\u010di JavaScript.<\/noscript><div id=\"wpforms-error-noscript\" style=\"display: none;\">Chcete-li vyplnit tento formul\u00e1\u0159, pros\u00edm povolte v prohl\u00ed\u017ee\u010di JavaScript.<\/div><div class=\"wpforms-field-container\"><div id=\"wpforms-263-field_58-container\" class=\"wpforms-field wpforms-field-payment-select wpforms-field-select-style-classic\" data-field-id=\"58\"><label class=\"wpforms-field-label\" for=\"wpforms-263-field_58\">Typ pron\u00e1jmu <span class=\"wpforms-required-label\" aria-hidden=\"true\">*<\/span><\/label><select id=\"wpforms-263-field_58\" class=\"wpforms-payment-price wpforms-field-medium wpforms-field-required\" name=\"wpforms[fields][58]\" required=\"required\"><option value=\"1\" data-amount=\"125.00\" >BASIC &#8211; 1 m\u011bs\u00edc (125,- K\u010d\/sud\/m\u011bs\u00edc)<\/option><option value=\"2\" data-amount=\"75.00\"  selected='selected'>STANDARD &#8211; 6 m\u011bs\u00edc\u016f (75,- K\u010d\/sud\/m\u011bs\u00edc)<\/option><option value=\"6\" data-amount=\"75.00\" >STANDARD &#8211; 12 m\u011bs\u00edc\u016f (75,- K\u010d\/sud\/m\u011bs\u00edc)<\/option><option value=\"3\" data-amount=\"45.00\" >FULL SERVICE &#8211; 18 m\u011bs\u00edc\u016f (45,- K\u010d\/sud\/m\u011bs\u00edc)<\/option><option value=\"4\" data-amount=\"0.00\" >je\u0161t\u011b jsem se nerozhodl<\/option><\/select><div id=\"wpforms-263-field_58-description\" class=\"wpforms-field-description\">Vyberte typ bal\u00ed\u010dku.\nBASIC: d\u00e9lka pron\u00e1jmu 1 m\u011bs\u00edc, STANDARD: d\u00e9lka pron\u00e1jmu 6-18 m\u011bs\u00edc\u016f, FULL SERVICE: d\u00e9lka pron\u00e1jmu 18 m\u011bs\u00edc\u016f<\/div><\/div><div id=\"wpforms-263-field_64-container\" class=\"wpforms-field wpforms-field-number-slider\" data-field-id=\"64\"><label class=\"wpforms-field-label\" for=\"wpforms-263-field_64\">Po\u010det sud\u016f 30 litr\u016f<\/label>\n<input\n\ttype=\"range\"\n\tid=\"wpforms-263-field_64\" class=\"wpforms-field-medium\" name=\"wpforms[fields][64]\" value=\"0\" aria-errormessage=\"wpforms-263-field_64-error\" aria-describedby=\"wpforms-263-field_64-description\"\t\tmin=\"0\"\n\tmax=\"1000\"\n\tstep=\"1\">\n\n<div class=\"wpforms-field-number-slider-hint\"\n\tdata-hint=\"Vybran\u00e1 hodnota: {value}\">\n\tVybran\u00e1 hodnota: <b>0<\/b><\/div>\n<div id=\"wpforms-263-field_64-description\" class=\"wpforms-field-description\">Vyberte, kolik si chcete p\u016fj\u0161it sud\u016f o objemu 30 litr\u016f.<\/div><\/div><div id=\"wpforms-263-field_65-container\" class=\"wpforms-field wpforms-field-number-slider\" data-field-id=\"65\"><label class=\"wpforms-field-label\" for=\"wpforms-263-field_65\">Po\u010det sud\u016f 50 litr\u016f<\/label>\n<input\n\ttype=\"range\"\n\tid=\"wpforms-263-field_65\" class=\"wpforms-field-medium\" name=\"wpforms[fields][65]\" value=\"0\" aria-errormessage=\"wpforms-263-field_65-error\" aria-describedby=\"wpforms-263-field_65-description\"\t\tmin=\"0\"\n\tmax=\"1000\"\n\tstep=\"1\">\n\n<div class=\"wpforms-field-number-slider-hint\"\n\tdata-hint=\"Vybran\u00e1 hodnota: {value}\">\n\tVybran\u00e1 hodnota: <b>0<\/b><\/div>\n<div id=\"wpforms-263-field_65-description\" class=\"wpforms-field-description\">Vyberte, kolik si chcete p\u016fj\u0161it sud\u016f o objemu 30 litr\u016f.<\/div><\/div><div id=\"wpforms-263-field_60-container\" class=\"wpforms-field wpforms-field-text\" data-field-id=\"60\"><label class=\"wpforms-field-label\" for=\"wpforms-263-field_60\">Term\u00edn dod\u00e1n\u00ed<\/label><input type=\"text\" id=\"wpforms-263-field_60\" class=\"wpforms-field-medium\" name=\"wpforms[fields][60]\" placeholder=\"Datum, kdy chcete m\u00edt sudy k dispozici\" aria-errormessage=\"wpforms-263-field_60-error\" ><\/div><div id=\"wpforms-263-field_55-container\" class=\"wpforms-field wpforms-field-text\" data-field-id=\"55\"><label class=\"wpforms-field-label\" for=\"wpforms-263-field_55\">Kontakt na v\u00e1s <span class=\"wpforms-required-label\" aria-hidden=\"true\">*<\/span><\/label><input type=\"text\" id=\"wpforms-263-field_55\" class=\"wpforms-field-medium wpforms-field-required\" name=\"wpforms[fields][55]\" placeholder=\"Va\u0161e jm\u00e9no, pivovar nebo spole\u010dnost\" aria-errormessage=\"wpforms-263-field_55-error\" required><\/div>\t\t<div id=\"wpforms-263-field_1-container\"\n\t\t\tclass=\"wpforms-field wpforms-field-text\"\n\t\t\tdata-field-type=\"text\"\n\t\t\tdata-field-id=\"1\"\n\t\t\t>\n\t\t\t<label class=\"wpforms-field-label\" for=\"wpforms-263-field_1\" >litr\u016f Details Pozn\u00e1mka<\/label>\n\t\t\t<input type=\"text\" id=\"wpforms-263-field_1\" class=\"wpforms-field-medium\" name=\"wpforms[fields][1]\" >\n\t\t<\/div>\n\t\t<div id=\"wpforms-263-field_2-container\" class=\"wpforms-field wpforms-field-email\" data-field-id=\"2\"><label class=\"wpforms-field-label\" for=\"wpforms-263-field_2\">Email <span class=\"wpforms-required-label\" aria-hidden=\"true\">*<\/span><\/label><input type=\"email\" id=\"wpforms-263-field_2\" class=\"wpforms-field-medium wpforms-field-required\" name=\"wpforms[fields][2]\" spellcheck=\"false\" aria-errormessage=\"wpforms-263-field_2-error\" required><\/div><div id=\"wpforms-263-field_46-container\" class=\"wpforms-field wpforms-field-text\" data-field-id=\"46\"><label class=\"wpforms-field-label\" for=\"wpforms-263-field_46\">Telefon <span class=\"wpforms-required-label\" aria-hidden=\"true\">*<\/span><\/label><input type=\"text\" id=\"wpforms-263-field_46\" class=\"wpforms-field-medium wpforms-field-required\" name=\"wpforms[fields][46]\" aria-errormessage=\"wpforms-263-field_46-error\" required><\/div><div id=\"wpforms-263-field_7-container\" class=\"wpforms-field wpforms-field-textarea\" data-field-id=\"7\"><label class=\"wpforms-field-label\" for=\"wpforms-263-field_7\">Pozn\u00e1mka<\/label><textarea id=\"wpforms-263-field_7\" class=\"wpforms-field-medium\" name=\"wpforms[fields][7]\" placeholder=\"Up\u0159esn\u011bn\u00ed objedn\u00e1vky nebo dotaz\" aria-errormessage=\"wpforms-263-field_7-error\" ><\/textarea><\/div><script>\n\t\t\t\t( function() {\n\t\t\t\t\tconst style = document.createElement( 'style' );\n\t\t\t\t\tstyle.appendChild( document.createTextNode( '#wpforms-263-field_1-container { position: absolute !important; overflow: hidden !important; display: inline !important; height: 1px !important; width: 1px !important; z-index: -1000 !important; padding: 0 !important; } #wpforms-263-field_1-container input { visibility: hidden; } #wpforms-conversational-form-page #wpforms-263-field_1-container label { counter-increment: none; }' ) );\n\t\t\t\t\tdocument.head.appendChild( style );\n\t\t\t\t\tdocument.currentScript?.remove();\n\t\t\t\t} )();\n\t\t\t<\/script><\/div><!-- .wpforms-field-container --><div class=\"wpforms-submit-container\" ><input type=\"hidden\" name=\"wpforms[id]\" value=\"263\"><input type=\"hidden\" name=\"page_title\" value=\"\"><input type=\"hidden\" name=\"page_url\" value=\"https:\/\/www.pujcovnasudu.cz\/index.php?rest_route=\/wp\/v2\/pages\/303\"><input type=\"hidden\" name=\"url_referer\" value=\"\"><button type=\"submit\" name=\"wpforms[submit]\" id=\"wpforms-submit-263\" class=\"wpforms-submit\" data-alt-text=\"Odes\u00edl\u00e1m...\" data-submit-text=\"Odeslat\" aria-live=\"assertive\" value=\"wpforms-submit\">Odeslat<\/button><img decoding=\"async\" src=\"https:\/\/www.pujcovnasudu.cz\/wp-content\/plugins\/wpforms-lite\/assets\/images\/submit-spin.svg\" class=\"wpforms-submit-spinner\" style=\"display: none;\" width=\"26\" height=\"26\" alt=\"Na\u010d\u00edt\u00e1n\u00ed\"><\/div><\/form><\/div>  <!-- .wpforms-container -->","protected":false},"excerpt":{"rendered":"","protected":false},"author":1,"featured_media":0,"parent":0,"menu_order":0,"comment_status":"closed","ping_status":"closed","template":"","meta":{"footnotes":""},"class_list":["post-303","page","type-page","status-publish","hentry"],"_links":{"self":[{"href":"https:\/\/www.pujcovnasudu.cz\/index.php?rest_route=\/wp\/v2\/pages\/303","targetHints":{"allow":["GET"]}}],"collection":[{"href":"https:\/\/www.pujcovnasudu.cz\/index.php?rest_route=\/wp\/v2\/pages"}],"about":[{"href":"https:\/\/www.pujcovnasudu.cz\/index.php?rest_route=\/wp\/v2\/types\/page"}],"author":[{"embeddable":true,"href":"https:\/\/www.pujcovnasudu.cz\/index.php?rest_route=\/wp\/v2\/users\/1"}],"replies":[{"embeddable":true,"href":"https:\/\/www.pujcovnasudu.cz\/index.php?rest_route=%2Fwp%2Fv2%2Fcomments&post=303"}],"version-history":[{"count":3,"href":"https:\/\/www.pujcovnasudu.cz\/index.php?rest_route=\/wp\/v2\/pages\/303\/revisions"}],"predecessor-version":[{"id":353,"href":"https:\/\/www.pujcovnasudu.cz\/index.php?rest_route=\/wp\/v2\/pages\/303\/revisions\/353"}],"wp:attachment":[{"href":"https:\/\/www.pujcovnasudu.cz\/index.php?rest_route=%2Fwp%2Fv2%2Fmedia&parent=303"}],"curies":[{"name":"wp","href":"https:\/\/api.w.org\/{rel}","templated":true}]}}